o base 12.
-6
Convert -1011100 (base 2) to base 9.
-112
-1 (base 7) to base 6
-1
Convert 15a (base 13) to base 10.
244
Convert -24 (base 10) to base 12.
-20
Convert -22 (base 4) to base 10.
-10
42 (base 5) to base 15
17
What is -5a (base 15) in base 4?
-1111
-25 (base 15) to base 5
-120
Convert -1 (base 3) to base 14.
-1
-12 (base 10) to base 6
-20
What is 1100 (base 2) in base 3?
110
Convert 22 (base 3) to base 5.
13
Convert -88 (base 12) to base 5.
-404
29 (base 14) to base 10
37
Convert -1 (base 2) to base 12.
-1
-131 (base 4) to base 16
-1d
Convert -3 (base 7) to base 13.
-3
What is -3 (base 14) in base 3?
-10
What is 101101101 (base 2) in base 5?
2430
What is -272 (base 8) in base 13?
-114
Convert -13 (base 14) to base 6.
-25
Convert 100 (base 2) to base 10.
4
-2 (base 8) to base 15
-2
-14 (base 8) to base 12
-10
52 (base 12) to base 15
42
3 (base 6) to base 9
3
Convert -1311 (base 4) to base 3.
-11100
What is 5 (base 12) in base 16?
5
4 (base 9) to base 13
4
Convert -32 (base 6) to base 14.
-16
0 (base 12) to base 3
0
Convert -223 (base 4) to base 14.
-31
38 (base 16) to base 9
62
15 (base 10) to base 4
33
What is -5 (base 6) in base 12?
-5
What is -19b (base 12) in base 9?
-322
Convert 420 (base 5) to base 6.
302
-2 (base 9) to base 16
-2
What is 1 (base 8) in base 6?
1
What is -154 (base 12) in base 2?
-11010000
-20 (base 5) to base 10
-10
Convert -173 (base 11) to base 16.
-c9
-3 (base 13) to base 16
-3
What is -111 (base 2) in base 14?
-7
Convert -3d (base 14) to base 4.
-313
-a (base 15) to base 2
-1010
Convert b (base 13) to base 3.
102
What is 4 (base 5) in base 12?
4
Convert 13 (base 15) to base 16.
12
Convert 2 (base 16) to base 6.
2
What is -403 (base 8) in base 10?
-259
-11001 (base 3) to base 15
-74
What is 5 (base 10) in base 14?
5
What is -101 (base 3) in base 4?
-22
Convert -10 (base 5) to base 11.
-5
-1111 (base 2) to base 5
-30
-112 (base 6) to base 9
-48
-d (base 15) to base 13
-10
-e (base 16) to base 5
-24
What is 60 (base 11) in base 8?
102
1b (base 12) to base 16
17
-3 (base 7) to base 10
-3
Convert -5 (base 9) to base 15.
-5
Convert -11 (base 11) to base 5.
-22
Convert -301 (base 4) to base 16.
-31
Convert -1 (base 10) to base 8.
-1
Convert -58 (base 15) to base 8.
-123
4 (base 14) to base 12
4
What is -4 (base 16) in base 15?
-4
Convert -102 (base 10) to base 16.
-66
What is -1 (base 9) in base 4?
-1
4 (base 7) to base 13
4
120 (base 3) to base 13
12
-e (base 16) to base 14
-10
Convert -7 (base 8) to base 16.
-7
What is -232 (base 4) in base 2?
-101110
What is 1c (base 15) in base 10?
27
Convert 42 (base 6) to base 14.
1c
-2 (base 5) to base 7
-2
What is 0 (base 3) in base 7?
0
12 (base 12) to base 8
16
-56 (base 13) to base 4
-1013
What is -3 (base 10) in base 11?
-3
-8b (base 16) to base 2
-10001011
Convert 13 (base 6) to base 5.
14
Convert 2 (base 16) to base 11.
2
Convert 30 (base 5) to base 15.
10
Convert 303 (base 5) to base 14.
58
1102 (base 3) to base 6
102
-2 (base 11) to base 3
-2
-110001 (base 2) to base 4
-301
Convert 200 (base 5) to base 6.
122
Convert 513 (base 8) to base 5.
2311
Convert 1 (base 12) to base 8.
1
Convert -11001000 (base 2) to base 4.
-3020
What is 333 (base 8) in base 9?
263
1f (base 16) to base 10
31
Convert 21 (base 12) to base 8.
31
What is 48 (base 10) in base 8?
60
What is -3 (base 6) in base 7?
-3
-136 (base 10) to base 7
-253
Convert 141 (base 6) to base 7.
115
-200 (base 3) to base 7
-24
Convert 5a (base 13) to base 14.
55
4 (base 8) to base 5
4
What is -25 (base 15) in base 10?
-35
Convert 1 (base 10) to base 2.
1
-7 (base 15) to base 5
-12
What is -11010 (base 2) in base 5?
-101
2 (base 13) to base 10
2
-9 (base 13) to base 5
-14
2c (base 13) to base 4
212
What is 132 (base 13) in base 4?
3102
What is 2a (base 14) in base 13?
2c
10 (base 2) to base 8
2
What is 212 (base 3) in base 2?
10111
Convert -25 (base 6) to base 5.
-32
What is -33 (base 7) in base 2?
-11000
-71 (base 12) to base 4
-1111
-1010 (base 5) to base 8
-202
What is 10100 (base 2) in base 13?
17
Convert 100 (base 3) to base 5.
14
de (base 15) to base 16
d1
Convert -3 (base 16) to base 11.
-3
What is -2 (base 15) in base 4?
-2
6a (base 13) to base 6
224
12101 (base 3) to base 7
265
Convert -1011 (base 2) to base 7.
-14
Convert 3 (base 14) to base 15.
3
What is 3 (base 13) in base 12?
3
What is b (base 14) in base 9?
12
1 (base 9) to base 6
1
184 (base 14) to base 15
15c
Convert 4 (base 13) to base 3.
11
29 (base 14) to base 5
122
What is -2 (base 8) in base 11?
-2
9 (base 11) to base 2
1001
Convert 13 (base 4) to base 12.
7
What is -1 (base 5) in base 4?
-1
-120 (base 4) to base 3
-220
What is -139 (base 13) in base 16?
-d9
-2 (base 11) to base 3
-2
What is 18 (base 11) in base 15?
14
-44 (base 10) to base 11
-40
What is 25 (base 6) in base 12?
15
Convert 47 (base 11) to base 13.
3c
What is 2a (base 11) in base 2?
100000
Convert a (base 13) to base 5.
20
What is -7 (base 16) in base 9?
-7
What is 2 (base 6) in base 9?
2
What is -4 (base 6) in base 4?
-10
-38 (base 9) to base 15
-25
What is 0 (base 10) in base 15?
0
What is 10011111 (base 2) in base 16?
9f
What is 2 (base 4) in base 16?
2
Convert -8 (base 14) to base 12.
-8
Convert 22 (base 3) to base 2.
1000
-44 (base 6) to base 5
-103
Convert 313 (base 4) to base 11.
50
-122 (base 3) to base 12
-15
Convert 3 (base 14) to base 4.
3
-5 (base 13) to base 14
-5
What is 57 (base 13) in base 15?
4c
Convert -47 (base 9) to base 10.
-43
-1 (base 7) to base 11
-1
Convert -220 (base 4) to base 15.
-2a
-2110 (base 3) to base 5
-231
What is -56 (base 14) in base 13?
-5b
What is -4 (base 12) in base 10?
-4
-4 (base 8) to base 6
-4
What is 4 (base 16) in base 4?
10
What is 324 (base 8) in base 9?
255
What is -1110000 (base 2) in base 14?
-80
What is 10 (base 3) in base 11?
3
Convert -196 (base 12) to base 4.
-10002
Convert 11 (base 12) to base 6.
21
What is 1 (base 12) in base 4?
1
Convert -1 (base 6) to base 7.
-1
-30 (base 8) to base 15
-19
2d (base 14) to base 5
131
What is 43 (base 5) in base 6?
35
151 (base 6) to base 14
4b
What is b (base 14) in base 2?
1011
What is 124 (base 6) in base 7?
103
-7 (base 10) to base 15
-7
What is -13 (base 7) in base 9?
-11
Convert -2 (base 16) to base 12.
-2
-6 (base 11) to base 3
-20
Convert -11010 (base 2) to base 13.
-20
Convert 5 (base 13) to base 2.
101
Convert -2 (base 6) to base 4.
-2
-4 (base 14) to base 9
-4
What is -11 (base 13) in base 11?
-13
Convert -1 (base 13) to base 8.
-1
What is -8 (base 12) in base 4?
-20
Convert 1 (base 4) to base 2.
1
What is -3 (base 14) in base 4?
-3
Convert -1033 (base 4) to base 6.
-211
What is 54 (base 15) in base 7?
142
-46 (base 13) to base 2
-111010
Convert -2 (base 13) to base 3.
-2
Convert 3 (base 16) to base 12.
3
Convert 2 (base 16) to base 5.
2
-6 (base 10) to base 2
-110
0 (base 9) to base 13
0
What is -20 (base 14) in base 9?
-31
-32 (base 10) to base 16
-20
What is -2331 (base 4) in base 15?
-c9
Convert -370 (base 8) to base 10.
-248
Convert -1 (base 12) to base 10.
-1
What is 32 (base 16) in base 5?
200
Convert 3 (base 13) to base 15.
3
-3 (base 16) to base 8
-3
11111 (base 2) to base 5
111
What is 10000101 (base 2) in base 10?
133
What is 6 (base 11) in base 9?
6
10 (base 7) to base 10
7
What is 100 (base 3) in base 8?
11
-3 (base 12) to base 4
-3
Convert 1 (base 7) to base 9.
1
Convert -13 (base 12) to base 9.
-16
What is -2 (base 16) in base 6?
-2
What is -8 (base 13) in base 7?
-11
10 (base 5) to base 9
5
What is 2 (base 5) in base 11?
2
Convert -53 (base 11) to base 6.
-134
What is -1 (base 15) in base 3?
-1
78 (base 9) to base 13
56
What is -135 (base 11) in base 8?
-237
What is -10 (base 6) in base 3?
-20
What is -9 (base 11) in base 13?
-9
What is -1a (base 11) in base 14?
-17
-111 (base 2) to base 15
-7
Convert 1c (base 16) to base 4.
130
-45 (base 6) to base 3
-1002
Convert 3 (base 5) to base 10.
3
What is 5 (base 6) in base 2?
101
-301 (base 4) to base 12
-41
What is 4 (base 11) in base 2?
100
Convert -310 (base 4) to base 12.
-44
What is 21 (base 11) in base 10?
23
What is 2 (base 12) in base 16?
2
What is 11 (base 10) in base 3?
102
2 (base 15) to base 9
2
What is 225 (base 7) in base 12?
99
-a (base 11) to base 14
-a
4 (base 14) to base 13
4
Convert -1 (base 6) to